{"id":38,"date":"2022-07-01T09:39:52","date_gmt":"2022-07-01T09:39:52","guid":{"rendered":"https:\/\/www.kesmarkidr.hu\/?page_id=38"},"modified":"2022-07-02T17:37:14","modified_gmt":"2022-07-02T17:37:14","slug":"kapcsolat","status":"publish","type":"page","link":"https:\/\/www.kesmarkidr.hu\/?page_id=38","title":{"rendered":"Kapcsolat"},"content":{"rendered":"\n<div class=\"wp-block-media-text alignfull has-media-on-the-right is-stacked-on-mobile\" style=\"grid-template-columns:auto 25%\"><figure class=\"wp-block-media-text__media\"><img loading=\"lazy\" decoding=\"async\" width=\"641\" height=\"481\" src=\"https:\/\/www.kesmarkidr.hu\/wp-content\/uploads\/2022\/07\/dr.-zsk-ildik-641x481-1.jpg\" alt=\"\" class=\"wp-image-57 size-full\" srcset=\"https:\/\/www.kesmarkidr.hu\/wp-content\/uploads\/2022\/07\/dr.-zsk-ildik-641x481-1.jpg 641w, https:\/\/www.kesmarkidr.hu\/wp-content\/uploads\/2022\/07\/dr.-zsk-ildik-641x481-1-300x225.jpg 300w\" sizes=\"auto, (max-width: 641px) 100vw, 641px\" \/><\/figure><div class=\"wp-block-media-text__content\">\n<h3 class=\"has-text-align-right wp-block-heading\">Dr. Zs\u00f3k Ildik\u00f3 Julianna h\u00e1ziorvos<br>v\u00e1rja jelentkez\u00e9s\u00fcket \u00e9rrendszer\u00fck \u00e1llapot\u00e1nak felm\u00e9r\u00e9s\u00e9re. A vizsg\u00e1latot a legkorszer\u0171bb eszk\u00f6z\u00f6kkel v\u00e9gezz\u00fck el.<\/h3>\n<\/div><\/div>\n\n\n\n<div style=\"height:70px\" aria-hidden=\"true\" class=\"wp-block-spacer\"><\/div>\n\n\n\n<div class=\"wp-block-columns alignfull is-layout-flex wp-container-core-columns-is-layout-9d6595d7 wp-block-columns-is-layout-flex\">\n<div class=\"wp-block-column is-layout-flow wp-block-column-is-layout-flow\" style=\"flex-basis:50%\">\n<div class=\"wp-block-cover is-light\" style=\"min-height:400px;aspect-ratio:unset;\"><span aria-hidden=\"true\" class=\"wp-block-cover__background has-white-background-color has-background-dim-100 has-background-dim\"><\/span><div class=\"wp-block-cover__inner-container is-layout-flow wp-block-cover-is-layout-flow\"><\/div><\/div>\n<\/div>\n\n\n\n<div class=\"wp-block-column is-vertically-aligned-center is-layout-flow wp-block-column-is-layout-flow\" style=\"padding-top:1em;padding-right:1em;padding-bottom:1em;padding-left:1em\">\n<div class=\"wp-block-columns is-layout-flex wp-container-core-columns-is-layout-9d6595d7 wp-block-columns-is-layout-flex\">\n<div class=\"wp-block-column is-layout-flow wp-block-column-is-layout-flow\" style=\"flex-basis:320px\">\n<h2 class=\"wp-block-heading\">Kapcsolat<\/h2>\n\n\n\n<h5 class=\"wp-block-heading\">3170, Sz\u00e9cs\u00e9ny Kossuth \u00fat 9.<\/h5>\n\n\n\n<h5 class=\"wp-block-heading\">Telefon:(32) 372-969<\/h5>\n<\/div>\n<\/div>\n<\/div>\n<\/div>\n","protected":false},"excerpt":{"rendered":"<p>Dr. Zs\u00f3k Ildik\u00f3 Julianna h\u00e1ziorvosv\u00e1rja jelentkez\u00e9s\u00fcket \u00e9rrendszer\u00fck \u00e1llapot\u00e1nak felm\u00e9r\u00e9s\u00e9re. A vizsg\u00e1latot a legkorszer\u0171bb eszk\u00f6z\u00f6kkel v\u00e9gezz\u00fck el. Kapcsolat 3170, Sz\u00e9cs\u00e9ny Kossuth \u00fat 9. Telefon:(32) 372-969<\/p>\n","protected":false},"author":1,"featured_media":0,"parent":0,"menu_order":0,"comment_status":"closed","ping_status":"closed","template":"","meta":{"footnotes":""},"class_list":["post-38","page","type-page","status-publish","hentry"],"_links":{"self":[{"href":"https:\/\/www.kesmarkidr.hu\/index.php?rest_route=\/wp\/v2\/pages\/38","targetHints":{"allow":["GET"]}}],"collection":[{"href":"https:\/\/www.kesmarkidr.hu\/index.php?rest_route=\/wp\/v2\/pages"}],"about":[{"href":"https:\/\/www.kesmarkidr.hu\/index.php?rest_route=\/wp\/v2\/types\/page"}],"author":[{"embeddable":true,"href":"https:\/\/www.kesmarkidr.hu\/index.php?rest_route=\/wp\/v2\/users\/1"}],"replies":[{"embeddable":true,"href":"https:\/\/www.kesmarkidr.hu\/index.php?rest_route=%2Fwp%2Fv2%2Fcomments&post=38"}],"version-history":[{"count":16,"href":"https:\/\/www.kesmarkidr.hu\/index.php?rest_route=\/wp\/v2\/pages\/38\/revisions"}],"predecessor-version":[{"id":430,"href":"https:\/\/www.kesmarkidr.hu\/index.php?rest_route=\/wp\/v2\/pages\/38\/revisions\/430"}],"wp:attachment":[{"href":"https:\/\/www.kesmarkidr.hu\/index.php?rest_route=%2Fwp%2Fv2%2Fmedia&parent=38"}],"curies":[{"name":"wp","href":"https:\/\/api.w.org\/{rel}","templated":true}]}}